 9. Suppose 5*z = 20, 2*q - b*z + 48 = 6*q. What are the prime factors of -6*(-1 - (-3)/q)?
2
Let n(f) = -4*f**3 - 3*f**2 + 1. Suppose -2*j - t - 3 - 2 = 0, 3*t + 3 = 0. Let x be n(j). Let d = x - 2. What are the prime factors of d?
19
Suppose 0 = c - z + 4 - 10, 0 = c + 5*z - 18. What are the prime factors of c?
2
Suppose -2*g + 32 = 2*d - 18, 0 = 5*g - 3*d - 93. List the prime factors of g.
3, 7
Suppose 4*i = -0*i + 4. Suppose -p + 10 = i. List the prime factors of p.
3
Let y = -10 + 14. Let a(w) = -3*w**2 - w + 2*w**3 + 2 - 3*w**3 + 2*w**3. What are the prime factors of a(y)?
2, 7
Suppose 9*y - 6*y - 564 = 0. What are the prime factors of y?
2, 47
Let f(y) = y**3 + 11*y**2 + y + 13. Let l = -1 - 1. Let k be (-97)/9 - l/(-9). List the prime factors of f(k).
2
Suppose 2*f + f - 18 = 0. Let a = -3 + f. List the prime factors of a.
3
Suppose 2*k - 3*k + 7 = 0. Let t be ((-1)/(-4))/(k/28). What are the prime factors of 1 - (t - -2) - -15?
13
Suppose -7 = -5*h - 42. Let l = 22 + h. Suppose -5*p = 5*q - 0 - l, -q = -5*p - 33. List the prime factors of q.
2
Suppose -2*w - 16 = -3*w. List the prime factors of w.
2
Let u(q) = -6*q + 3. Let c(w) = -7*w + 3. Let r(p) = -6*c(p) + 5*u(p). Let v be r(2). Let i = -11 + v. What are the prime factors of i?
2, 5
Suppose 2*o - 27 = 17. Let c = o - 9. List the prime factors of c.
13
Suppose 0*n + 4 = -2*n. Let k = n - -3. List the prime factors of (4/(-3))/(k/(-6)).
2
Let j = 22 + -12. What are the prime factors of j?
2, 5
Suppose -43*h = -48*h + 245. What are the prime factors of h?
7
Suppose -2*h + 66 = 5*c, 0 = 5*c - 2*c - 4*h - 24. What are the prime factors of c?
2, 3
Let t = 1 + 4. Suppose 9 = -t*s + 74. List the prime factors of s.
13
Let g(r) = -r**3 - 3*r**2 - 2*r - 2. What are the prime factors of g(-4)?
2, 11
Let l(p) = -2*p - 9. Let d be l(-6). List the prime factors of (11/d)/(12/36).
11
Suppose 3*y = y + 20. Let x be 85/25 - (-4)/(-10). Let m = y - x. What are the prime factors of m?
7
Let o = -11 - -49. List the prime factors of o.
2, 19
Let w(k) = 0*k**2 - 4*k**2 - 6 - k**3 - k**2 - 3*k. Let r(v) = v**3 - 7*v**2 + 4*v + 7. Let t be r(6). What are the prime factors of w(t)?
3
Let h(i) = -13*i - 3*i - 6 - 2 + 3. List the prime factors of h(-2).
3
Suppose -38 - 42 = -5*o. What are the prime factors of o?
2
Suppose 3*a = -2*a + 50. Suppose o = 2*o. Let x = a - o. What are the prime factors of x?
2, 5
Let y(j) = 17*j + 16. List the prime factors of y(8).
2, 19
Let t(n) = -n**3 + 10*n**2 - 10*n + 3. List the prime factors of t(8).
3, 17
Let v be (-4)/(-3)*(-3)/(-2). Suppose 0 = v*n - 5*x - 33, -3*n + 30 = -2*x + 8. Suppose 4*b + 5 = -c, c - 26 = -c + n*b. What are the prime factors of c?
7
Let b be 12/1*(-2)/(-4). Let k(y) = -y + 8. What are the prime factors of k(b)?
2
Let w = -13 + 15. Suppose 2 + 9 = j - 4*t, 5*j = w*t + 109. List the prime factors of j.
23
Suppose 49 = 5*s + o - 3*o, -5*s - o = -58. List the prime factors of s.
11
Let i(z) = 6*z**3 - 3*z**2 + 2*z. List the prime factors of i(2).
2, 5
Let u = 9 - 5. Suppose -1 = -u*h + 35. List the prime factors of h.
3
Let a = -4 - -3. List the prime factors of 19 + (a - (-1 + 1)).
2, 3
Let m(b) = -3*b + 1. Let d(u) = 2*u - 1. Let l(w) = -5*d(w) - 3*m(w). List the prime factors of l(-5).
7
Let l(s) = -2*s**3 - 3*s**2 + 1. Let p be l(-3). Let j = p - 20. Suppose 2*g + 30 = 4*o, -j = 4*o + 2*g - 34. What are the prime factors of o?
7
Suppose 4 = -2*o, -8*g + 6*g = 5*o - 738. List the prime factors of g.
2, 11, 17
Let w be (-28)/42 + (-296)/(-3). Suppose i + 4*i = 3*a - 106, -3*a + i + w = 0. List the prime factors of a.
2
Let s = 19 + -16. Suppose 2*h = -5*v + 78, 0*h - s*v - 104 = -4*h. What are the prime factors of h?
29
Suppose -5*v - 10 = -0. What are the prime factors of 10/20 + (-61)/v?
31
Let r = 7 - -6. Let h = 7 - r. List the prime factors of (-4)/h*(-132)/(-8).
11
Let v = 3 - 3. Suppose c - 3 + 1 = v. Suppose -3*f - 15 = -0*n - 4*n, c = -2*f. List the prime factors of n.
3
Suppose 4*k - 2*k + 50 = y, 0 = -3*y - 3*k + 123. Suppose -r - 5 = -2*r. Suppose -r*i + 11 = -y. List the prime factors of i.
11
Suppose 3*n = 8 + 1. Suppose -39 = -3*t + n*c, 2*t - 5*c + 15 = 7*t. List the prime factors of t.
2
Let t = 6 - 4. List the prime factors of -6*(24/(-9) + t).
2
Let b(d) be the third derivative of 11/6*d**3 - 1/3*d**4 + 3*d**2 + 0 - 7/60*d**5 + 1/120*d**6 + 0*d. What are the prime factors of b(8)?
11
Let j be -2 + 14/(-4)*-2. Suppose j*s = -4*t + 22, 2*t - 15 = -2*s - 5. What are the prime factors of 0 - (-3 - 1)*s?
2
What are the prime factors of (23/2)/(2/4)?
23
Let k(s) = 20*s**2 + s - 1. What are the prime factors of k(1)?
2, 5
Let s = -154 + 171. List the prime factors of s.
17
Let g = 34 - 19. What are the prime factors of g?
3, 5
Suppose 3*u - 73 = 5*i, -u + 15 = -0*i - 4*i. Let h = u - 5. Suppose 4*b - h = 2*b + 2*d, 2*b + 5*d + 9 = 0. List the prime factors of b.
2
Let l(f) = -f**2 + 5. Let r be l(5). Let q = 29 + r. Let m = q - 2. What are the prime factors of m?
7
Let f(z) = -z**3 + 11*z**2 - 11*z + 14. Let t be f(10). Let a = 7 - t. What are the prime factors of a?
3
Let p = -2 + 4. Suppose -4*w + 6*d = p*d - 56, 0 = -5*w + 3*d + 68. List the prime factors of w.
13
Let d be ((-3 + 19)/(-4))/(-2). Suppose 4*b + 2*w - 138 = 0, -5*w = 2*b + d*b - 153. What are the prime factors of b?
2
Suppose 0*k + i + 279 = k, 5*k + 4*i - 1413 = 0. List the prime factors of k.
281
Let v(s) = s**3 - 3*s**2 + 3*s - 2. Let l be v(2). Suppose l*q + 30 = 2*q. What are the prime factors of q?
3, 5
Let k be (15/12)/(1/4). Let c = k - -5. List the prime factors of c.
2, 5
Suppose -4*u = -2*u - 8. Suppose u*c + 4*l = -0*c + 44, 3*c = 2*l + 38. List the prime factors of c.
2, 3
Let u = 19 - -26. Let f be 29/9 + (-10)/u. Suppose -2*a = f*a - 60. List the prime factors of a.
2, 3
Suppose -77 + 213 = 4*t. List the prime factors of t.
2, 17
List the prime factors of ((-62)/(-8))/(12/48).
31
Let k(g) be the first derivative of g**4/4 - 10*g**3/3 + 9*g**2/2 + 11*g + 1. Suppose 27 = -0*m + 3*m. What are the prime factors of k(m)?
11
Let n(u) = -u**3 - 2*u**2 + 2*u - 2. List the prime factors of n(-4).
2, 11
Let r(p) = -12*p**3 + 2*p**2 + 2*p + 1. Let a be r(-1). Let f = a - 9. Suppose -k = -f*k + 12. What are the prime factors of k?
2
Suppose -5*y + 13 + 82 = 0. Suppose -x = 2*o - 13, 2*o - 3*x = 3*o - y. Suppose 0 = -3*v + 4*w + 71, -v + o*v + 2*w = 41. List the prime factors of v.
17
Let w be -3*-3*6/27. Suppose -w*s = -4*s + 42. What are the prime factors of s?
3, 7
Suppose -x = -4*x + 3. What are the prime factors of x/(-3) - (-112)/3?
37
Let p(o) = 2*o**2 + 21*o + 31. What are the prime factors of p(-13)?
2, 3
Let o be ((-10)/(-6))/(2/102). Let g = -19 + o. Suppose -g = 2*a - 5*a. List the prime factors of a.
2, 11
Let v(b) = -14*b**3 + 6*b + 5. List the prime factors of v(-3).
5, 73
Let x(b) = -11*b + 24. List the prime factors of x(-6).
2, 3, 5
Let m(b) = -9*b**3 - 2*b**2 + 3*b + 4. Let h(n) = -n - 1. Let w(i) = 5*h(i) + m(i). What are the prime factors of w(-1)?
2
Suppose 3*c + v - 4 = 9, 4*v = -3*c + 25. List the prime factors of c.
3
Let q be 6/21 + 654/14. Let f(x) = -4*x + 2. Let n be f(-2). Suppose o - q = -5*h - 2*o, 2*h - n = o. List the prime factors of h.
7
Suppose -53 = -f + 4*h - 1, -4*f + h + 163 = 0. List the prime factors of f.
2, 5
Let x(b) = b**2. Let h(v) = 7*v**2 + 8*v - 6. Let a(s) = -h(s) + 6*x(s). Let t be a(-9). List the prime factors of 2/t - 190/(-15).
2, 3
Suppose -3*a = -5*a + 560. List the prime factors of (a/50)/(4/10).
2, 7
Let d = 84 + -55. Let z = d - 16. List the prime factors of z.
13
What are the prime factors of (-944)/(-24) + 1/(-3)?
3, 13
Suppose -k = 5*d - 0 - 7, 0 = -2*d - k + 1. Suppose -d*n = -4, 2*q = -n - n + 8. What are the prime factors of q?
2
Let w = 19 - 16. Suppose -3*z + 2*n = -0*z - 69, -2*n = w*z - 69. What are the prime factors of z?
23
Suppose 788 = -22*b + 26*b. What are the prime factors of b?
197
Let y(d) = 2*d + 7. List the prime factors of y(5).
17
Let q be ((-10)/(-2))/(3 + -2). Suppose 3*b + 4*v - 21 = -2, -q*b + 3*v + 22 = 0. Suppose 4*u - 12 = -0*u - n, u = b*n + 24. List the prime factors of u.
2
Let v(z) = -z**2 + 11*z + 4. Let a be v(11). Suppose 0 = 5*o - a*o - 11. What are the prime fact